{"id":92,"date":"2021-11-30T12:29:38","date_gmt":"2021-11-30T11:29:38","guid":{"rendered":"http:\/\/xn--familienrume-ocb.de\/wordpress\/?page_id=92"},"modified":"2025-05-15T08:41:31","modified_gmt":"2025-05-15T06:41:31","slug":"ferien-und-freiraeume","status":"publish","type":"page","link":"https:\/\/xn--familienrume-ocb.de\/wordpress\/ferien-und-freiraeume\/","title":{"rendered":"Ferien- und Freir\u00e4ume"},"content":{"rendered":"\t\t<div data-elementor-type=\"wp-page\" data-elementor-id=\"92\" class=\"elementor elementor-92\">\n\t\t\t\t\t\t<section class=\"elementor-section elementor-top-section elementor-element elementor-element-cfd95c0 elementor-section-boxed elementor-section-height-default elementor-section-height-default\" data-id=\"cfd95c0\" data-element_type=\"section\">\n\t\t\t\t\t\t<div class=\"elementor-container elementor-column-gap-default\">\n\t\t\t\t\t<div class=\"elementor-column elementor-col-100 elementor-top-column elementor-element elementor-element-98265a1\" data-id=\"98265a1\" data-element_type=\"column\">\n\t\t\t<div class=\"elementor-widget-wrap elementor-element-populated\">\n\t\t\t\t\t\t<section class=\"elementor-section elementor-inner-section elementor-element elementor-element-d1498b6 elementor-section-boxed elementor-section-height-default elementor-section-height-default\" data-id=\"d1498b6\" data-element_type=\"section\">\n\t\t\t\t\t\t<div class=\"elementor-container elementor-column-gap-default\">\n\t\t\t\t\t<div class=\"elementor-column elementor-col-50 elementor-inner-column elementor-element elementor-element-4a1bdb2\" data-id=\"4a1bdb2\" data-element_type=\"column\">\n\t\t\t<div class=\"elementor-widget-wrap elementor-element-populated\">\n\t\t\t\t\t\t<div class=\"elementor-element elementor-element-b31e301 elementor-widget elementor-widget-text-editor\" data-id=\"b31e301\" data-element_type=\"widget\" data-widget_type=\"text-editor.default\">\n\t\t\t\t<div class=\"elementor-widget-container\">\n\t\t\t\t\t\t\t\t\t<h6><span style=\"color: #637d7f;\">Wir machen Sommerpause<br \/><\/span><\/h6>\t\t\t\t\t\t\t\t<\/div>\n\t\t\t\t<\/div>\n\t\t\t\t\t<\/div>\n\t\t<\/div>\n\t\t\t\t<div class=\"elementor-column elementor-col-50 elementor-inner-column elementor-element elementor-element-c3bd30c\" data-id=\"c3bd30c\" data-element_type=\"column\">\n\t\t\t<div class=\"elementor-widget-wrap elementor-element-populated\">\n\t\t\t\t\t\t<div class=\"elementor-element elementor-element-2edce96 elementor-widget elementor-widget-text-editor\" data-id=\"2edce96\" data-element_type=\"widget\" data-widget_type=\"text-editor.default\">\n\t\t\t\t<div class=\"elementor-widget-container\">\n\t\t\t\t\t\t\t\t\t<p style=\"padding-left: 40px;\">Alexandra Zinburg<\/p><p style=\"padding-left: 40px;\">Familienr\u00e4ume<br \/>Praxis f\u00fcr Motop\u00e4die und Motogeragogik<br \/>Sander Str. 33<br \/>53639 K\u00f6nigswinterf<\/p><p style=\"padding-left: 40px;\">Tel. \/ Whatsapp: 01575 1108631<\/p><p style=\"padding-left: 40px;\"><a href=\"mailto:familienraeume@zinburg.net\">eMail:familienraeume@zinburg.net<\/a><\/p><p style=\"padding-left: 40px;\"><a href=\"https:\/\/www.instagram.com\/familienraeume\/\" target=\"_blank\" rel=\"noopener\">https:\/\/www.instagram.com\/familienraeume\/<\/a><\/p><p style=\"padding-left: 40px;\"><a href=\"https:\/\/www.facebook.com\/praxisfamilienraeume\/\" target=\"_blank\" rel=\"noopener\">https:\/\/www.facebook.com\/praxisfamilienraeume\/<\/a><\/p><p style=\"padding-left: 40px;\">Mitglied im Deutschen Berufsverband<br \/>der Motop\u00e4dInnen \/ MototherapeutInnen \u2013 DBM e.V.<\/p>\t\t\t\t\t\t\t\t<\/div>\n\t\t\t\t<\/div>\n\t\t\t\t\t<\/div>\n\t\t<\/div>\n\t\t\t\t\t<\/div>\n\t\t<\/section>\n\t\t\t\t\t<\/div>\n\t\t<\/div>\n\t\t\t\t\t<\/div>\n\t\t<\/section>\n\t\t\t\t<\/div>\n\t\t","protected":false},"excerpt":{"rendered":"<p>Wir machen Sommerpause Alexandra Zinburg Familienr\u00e4umePraxis f\u00fcr Motop\u00e4die und MotogeragogikSander Str. 3353639 K\u00f6nigswinterf Tel. \/ Whatsapp: 01575 1108631 eMail:familienraeume@zinburg.net https:\/\/www.instagram.com\/familienraeume\/ https:\/\/www.facebook.com\/praxisfamilienraeume\/ Mitglied im Deutschen Berufsverbandder Motop\u00e4dInnen \/ MototherapeutInnen \u2013 DBM e.V.<\/p>\n","protected":false},"author":1,"featured_media":0,"parent":0,"menu_order":0,"comment_status":"closed","ping_status":"closed","template":"","meta":{"site-sidebar-layout":"no-sidebar","site-content-layout":"page-builder","ast-site-content-layout":"default","site-content-style":"default","site-sidebar-style":"default","ast-global-header-display":"","ast-banner-title-visibility":"","ast-main-header-display":"","ast-hfb-above-header-display":"","ast-hfb-below-header-display":"","ast-hfb-mobile-header-display":"","site-post-title":"disabled","ast-breadcrumbs-content":"","ast-featured-img":"disabled","footer-sml-layout":"","ast-disable-related-posts":"","theme-transparent-header-meta":"","adv-header-id-meta":"","stick-header-meta":"","header-above-stick-meta":"","header-main-stick-meta":"","header-below-stick-meta":"","astra-migrate-meta-layouts":"default","ast-page-background-enabled":"default","ast-page-background-meta":{"desktop":{"background-color":"","background-image":"","background-repeat":"repeat","background-position":"center center","background-size":"auto","background-attachment":"scroll","background-type":"","background-media":"","overlay-type":"","overlay-color":"","overlay-opacity":"","overlay-gradient":""},"tablet":{"background-color":"","background-image":"","background-repeat":"repeat","background-position":"center center","background-size":"auto","background-attachment":"scroll","background-type":"","background-media":"","overlay-type":"","overlay-color":"","overlay-opacity":"","overlay-gradient":""},"mobile":{"background-color":"","background-image":"","background-repeat":"repeat","background-position":"center center","background-size":"auto","background-attachment":"scroll","background-type":"","background-media":"","overlay-type":"","overlay-color":"","overlay-opacity":"","overlay-gradient":""}},"ast-content-background-meta":{"desktop":{"background-color":"var(--ast-global-color-5)","background-image":"","background-repeat":"repeat","background-position":"center center","background-size":"auto","background-attachment":"scroll","background-type":"","background-media":"","overlay-type":"","overlay-color":"","overlay-opacity":"","overlay-gradient":""},"tablet":{"background-color":"var(--ast-global-color-5)","background-image":"","background-repeat":"repeat","background-position":"center center","background-size":"auto","background-attachment":"scroll","background-type":"","background-media":"","overlay-type":"","overlay-color":"","overlay-opacity":"","overlay-gradient":""},"mobile":{"background-color":"var(--ast-global-color-5)","background-image":"","background-repeat":"repeat","background-position":"center center","background-size":"auto","background-attachment":"scroll","background-type":"","background-media":"","overlay-type":"","overlay-color":"","overlay-opacity":"","overlay-gradient":""}},"footnotes":""},"class_list":["post-92","page","type-page","status-publish","hentry"],"_links":{"self":[{"href":"https:\/\/xn--familienrume-ocb.de\/wordpress\/wp-json\/wp\/v2\/pages\/92","targetHints":{"allow":["GET"]}}],"collection":[{"href":"https:\/\/xn--familienrume-ocb.de\/wordpress\/wp-json\/wp\/v2\/pages"}],"about":[{"href":"https:\/\/xn--familienrume-ocb.de\/wordpress\/wp-json\/wp\/v2\/types\/page"}],"author":[{"embeddable":true,"href":"https:\/\/xn--familienrume-ocb.de\/wordpress\/wp-json\/wp\/v2\/users\/1"}],"replies":[{"embeddable":true,"href":"https:\/\/xn--familienrume-ocb.de\/wordpress\/wp-json\/wp\/v2\/comments?post=92"}],"version-history":[{"count":22,"href":"https:\/\/xn--familienrume-ocb.de\/wordpress\/wp-json\/wp\/v2\/pages\/92\/revisions"}],"predecessor-version":[{"id":631,"href":"https:\/\/xn--familienrume-ocb.de\/wordpress\/wp-json\/wp\/v2\/pages\/92\/revisions\/631"}],"wp:attachment":[{"href":"https:\/\/xn--familienrume-ocb.de\/wordpress\/wp-json\/wp\/v2\/media?parent=92"}],"curies":[{"name":"wp","href":"https:\/\/api.w.org\/{rel}","templated":true}]}}

Ferien- und Freiräume

<div data-elementor-type="wp-page" data-elementor-id="92" class="elementor elementor-92">
						<section class="elementor-section elementor-top-section elementor-element elementor-element-cfd95c0 elementor-section-boxed elementor-section-height-default elementor-section-height-default" data-id="cfd95c0" data-element_type="section">
						<div class="elementor-container elementor-column-gap-default">
					<div class="elementor-column elementor-col-100 elementor-top-column elementor-element elementor-element-98265a1" data-id="98265a1" data-element_type="column">
			<div class="elementor-widget-wrap elementor-element-populated">
						<section class="elementor-section elementor-inner-section elementor-element elementor-element-d1498b6 elementor-section-boxed elementor-section-height-default elementor-section-height-default" data-id="d1498b6" data-element_type="section">
						<div class="elementor-container elementor-column-gap-default">
					<div class="elementor-column elementor-col-50 elementor-inner-column elementor-element elementor-element-4a1bdb2" data-id="4a1bdb2" data-element_type="column">
			<div class="elementor-widget-wrap elementor-element-populated">
						<div class="elementor-element elementor-element-b31e301 elementor-widget elementor-widget-text-editor" data-id="b31e301" data-element_type="widget" data-widget_type="text-editor.default">
				<div class="elementor-widget-container">
									<h6><span style="color: #637d7f;">Wir machen Sommerpause<br /></span></h6>								</div>
				</div>
					</div>
		</div>
				<div class="elementor-column elementor-col-50 elementor-inner-column elementor-element elementor-element-c3bd30c" data-id="c3bd30c" data-element_type="column">
			<div class="elementor-widget-wrap elementor-element-populated">
						<div class="elementor-element elementor-element-2edce96 elementor-widget elementor-widget-text-editor" data-id="2edce96" data-element_type="widget" data-widget_type="text-editor.default">
				<div class="elementor-widget-container">
									<p style="padding-left: 40px;">Alexandra Zinburg</p><p style="padding-left: 40px;">Familienräume<br />Praxis für Motopädie und Motogeragogik<br />Sander Str. 33<br />53639 Königswinterf</p><p style="padding-left: 40px;">Tel. / Whatsapp: 01575 1108631</p><p style="padding-left: 40px;"><a href="mailto:familienraeume@zinburg.net">eMail:familienraeume@zinburg.net</a></p><p style="padding-left: 40px;"><a href="https://www.instagram.com/familienraeume/" target="_blank" rel="noopener">https://www.instagram.com/familienraeume/</a></p><p style="padding-left: 40px;"><a href="https://www.facebook.com/praxisfamilienraeume/" target="_blank" rel="noopener">https://www.facebook.com/praxisfamilienraeume/</a></p><p style="padding-left: 40px;">Mitglied im Deutschen Berufsverband<br />der MotopädInnen / MototherapeutInnen – DBM e.V.</p>								</div>
				</div>
					</div>
		</div>
					</div>
		</section>
					</div>
		</div>
					</div>
		</section>
				</div>

<p>Wir machen Sommerpause Alexandra Zinburg FamilienräumePraxis für Motopädie und MotogeragogikSander Str. 3353639 Königswinterf Tel. / Whatsapp: 01575 1108631 eMail:familienraeume@zinburg.net https://www.instagram.com/familienraeume/ https://www.facebook.com/praxisfamilienraeume/ Mitglied im Deutschen Berufsverbandder MotopädInnen / MototherapeutInnen – DBM e.V.</p>
